 508496. Is l composite?
True
Let o(v) = 16*v**3 - 48*v**2 + 18*v - 53. Let z(k) = -7*k**3 + 24*k**2 - 9*k + 27. Let g(j) = 4*o(j) + 9*z(j). Is g(-21) a composite number?
False
Is (3 + -14816)/(-7 + (-3 - -9)) composite?
False
Suppose -10*l - 10888 = -18*l. Is l a composite number?
False
Suppose -2818 = -z + 3*g, -511 = 5*z + 3*g - 14637. Suppose p + p = -5*q + z, -2*p + q = -2836. Is p a composite number?
True
Is 21181*(14/(-2) - -8) composite?
True
Suppose 32 = -2*a - 6*q + 2*q, 5*a + 4*q = -80. Is 2/8 - 1/(a/11292) a prime number?
False
Is 3/(2 - 29084/14548) prime?
True
Let p(m) = -m + 848. Let w = 12 + -12. Let z be p(w). Suppose -2*c + 219 = l, 0*l - 4*l = c - z. Is l a prime number?
True
Let q = 336 + -177. Let h = -18 - -23. Suppose x - i = q, h*x + i - 153 = 654. Is x a prime number?
False
Suppose 2*l - 2292 = w, w = -0*l - l + 1149. Is (l - -2) + (-2)/(-1) a prime number?
True
Suppose 13*q - 20 = 3*q. Suppose -4*h = -k - 2064, -4*h + 457 + 1595 = q*k. Is h composite?
True
Let v(x) = -x + 4. Let w be -2 + 6 + (0 - 0). Let a be v(w). Suppose 366 = 2*b - 2*u, 4*b + 0*u + 2*u - 708 = a. Is b a prime number?
True
Let d be (2 + 6)*(-87)/4. Let n = d + 313. Suppose 4*c - 5*l - n = 0, -3*l - 11 + 64 = 2*c. Is c a composite number?
False
Let q = -30 - -21. Let f(g) = -g - 5. Let z be f(q). Is -3 + -1 + (191 - z) prime?
False
Let r(n) = 25*n**2 - 5*n - 1. Let z be r(4). Let j = z - -178. Is j a prime number?
True
Let v(o) = o**3 - 15*o**2 - 21*o - 9. Let f be v(17). Let s = f - 21. Is s a composite number?
False
Let j(k) = -k**3 + 18*k**2 + 25*k + 35. Is j(18) composite?
True
Suppose 0 = 4*v - 3*v - 2741. Is v a prime number?
True
Let k(m) = m**2 - m - 5. Let t be k(0). Let p(q) = 138*q**2 - 7*q - 5. Let y be p(t). Suppose -y + 1084 = -4*i. Is i a composite number?
False
Let d be (-24)/(-4) + (-2 - 0). Suppose 5*l - 2 = v - 7, 0 = 3*v + 4*l + d. Suppose 2*f - 4*f + 2198 = v. Is f a prime number?
False
Is 1 + (-31 + 261)*(-3604)/(-10) prime?
False
Let n = 14 - 14. Suppose n*k + 2*k = 6. Suppose 0 = k*a - 12, 2*a = -5*f - 329 + 1292. Is f a composite number?
False
Suppose 0 = -4*l, -3*p + l = p + 16. Is (62/3)/(p + 670/165) a composite number?
True
Let v = 155 + -64. Suppose 7*z - v = -0*z. Is z composite?
False
Suppose -4*h + 3*n + 935 = 0, 928 = h + 3*h + 4*n. Suppose 4*m = 5*m - h. Is m prime?
True
Suppose 2*j = r - 262, 2*r - 519 = -0*r - j. Suppose 7*u + 19 = 54. Suppose -u*w + 270 = -5*g, -5*w + 0*g + r = -3*g. Is w a composite number?
True
Suppose -5 = -2*u + 5. Suppose u*c - m = m - 50, -4*c - 3*m - 17 = 0. Let q = 45 + c. Is q prime?
True
Let b = 38 + -35. Suppose 0 = 2*m + b*s - 874, 5*m = 2*s + 2*s + 2139. Is m composite?
False
Suppose -10*l + 21562 = -4348. Is l a composite number?
False
Suppose -5*c - 20 = 0, 40*k = 38*k + c + 44522. Is k prime?
True
Suppose 4*u - 2186 = -574. Let r = -84 + u. Is r a composite number?
True
Suppose -2*a + 12 = a. Suppose 3*h + a*w = 2047, 4*h = -5*w + 36 + 2692. Is h a prime number?
True
Let h(l) = -l - 14. Let g be h(-16). Let b(c) = -c**2 + 11*c**2 - 4 + 7*c - 6*c**g. Is b(-7) composite?
True
Suppose 1549*p = 1555*p - 6018. Is p composite?
True
Suppose 3*a - 16207 = f + 27132, 72231 = 5*a - 2*f. Is a a prime number?
True
Suppose -15163 = -16*c + 8853. Is c a composite number?
True
Let a(n) = 21*n + 7. Let h be a(6). Let y = 1113 - 1087. Let m = y + h. Is m composite?
True
Let b be 1/1*0 + -172. Let l be (2 + -5)*496/16. Let k = l - b. Is k a prime number?
True
Suppose -10*v - 16157 = -4217. Is 11 - v - (1 + 1) composite?
True
Suppose -4*n + 23 = -9. Suppose -n*b = -12*b + 1112. Let q = -99 + b. Is q a prime number?
True
Suppose 3*v + 3*w - 25316 = -v, 0 = 3*v - 2*w - 18987. Is v prime?
True
Let g be (-136)/(-12) - (-1)/(-3). Let r = -11 + g. Suppose 2*l + l - 138 = r. Is l a prime number?
False
Let a(w) = w**2 + 4*w + 9. Let m be a(-10). Suppose 2*n - 15 = -r, 2*n = -3*r + 4*n + m. Let y = r + 48. Is y a composite number?
True
Let d(t) = 131*t**3 + 5*t**2 - 6*t + 1. Is d(1) a composite number?
False
Suppose 0 = -6*b - 5*b + 17215. Is b a prime number?
False
Suppose -17*l + 12740 + 73773 = 0. Is l a prime number?
False
Let r be 2528/11 + 28/154 - -3. Let o = r + 30. Is o a prime number?
True
Let h(j) = 23*j**2 + 3*j - 7. Let f = 139 - 135. Is h(f) a prime number?
True
Is (3/(-9)*2)/(18/(-8181)) a composite number?
True
Suppose 4*z - 8*a - 11596 = -10*a, 2*z + 3*a - 5806 = 0. Is z prime?
True
Suppose r - 17854 = -17*f + 15*f, f = -3*r + 8917. Is f a prime number?
True
Let i(k) = 10 + 3 - 13*k - 14. Is i(-6) a prime number?
False
Let s = -66480 + 96879. Is s a composite number?
True
Let u(o) = -32 - 9*o**2 - 15*o**3 + 5*o**3 - 27*o + 9*o**3 - 8*o**2. Is u(-17) composite?
True
Let a(g) = -59*g**3 + 2*g**2 + 3*g - 4. Let r be a(-3). Suppose 4*j - r = 5*y, -4*j = j + y - 2012. Let k = j - 283. Is k composite?
True
Let z(y) = 21*y**2 - 5*y - 11. Let d be z(-3). Suppose 5*c - l - 718 = 0, -4*c + 4*l = -777 + d. Is c a prime number?
False
Let d(t) = 13*t**2 - t + 1. Let g = 32 + -20. Suppose 8*u = -4 - g. Is d(u) composite?
True
Is 257085/27 + (-2)/3 composite?
False
Suppose k - 3*g - 2*g = -5, 0 = -k - 5*g + 5. Suppose k = -2*f + 131 - 7. Let l = 23 + f. Is l a composite number?
True
Let a(u) = -89*u**2 + 1. Let l be a(-2). Let b = 220 + l. Let s = 204 + b. Is s composite?
True
Suppose 0 = 2*r - 3*r + 14. Suppose -r*x + 18*x = 1772. Is x composite?
False
Let j = 1962 + 2239. Is j composite?
False
Suppose 3*m + 3*y = -2955 + 84786, 2*y + 81836 = 3*m. Suppose 9*r = m + 43525. Is r prime?
True
Let n be 3 + 4 + -5 + -8. Let r(w) = -2*w**3 - 7*w**2 - 2*w - 1. Is r(n) composite?
False
Let t be ((-85)/15)/((-1)/3). Let d(r) = -r**2 + 7*r - 8. Let q be d(6). Let c = t + q. Is c a composite number?
True
Let k = -2495 - -13474. Is k composite?
False
Is 31634/(-8)*(-1 - 2 - 1) prime?
True
Let p(k) = 151*k - 504. Is p(13) a prime number?
True
Let y = -22 + 28. Let k(r) = 25*r**2 - r - y*r**2 + 13*r**2 + 6*r**2. Is k(3) a prime number?
False
Let u = 23653 - 16874. Is u prime?
True
Suppose 4*i + 4 = 0, i + 14143 = t - 19885. Is t a prime number?
False
Let j be 5/35 + (-3736)/(-14). Suppose 0 = -x - g - g + j, -2*g + 10 = 0. Is x prime?
True
Is (-11)/(-33)*(12570 - 0) + 3 a composite number?
True
Let d(t) = -2*t**3 - 8*t**2 - 7*t - 5. Let l be d(-5). Let r = 1395 + -1034. Suppose 3*b = -u + l + 27, 3*u - b - r = 0. Is u composite?
True
Let s(j) = 84*j**2 - 4*j + 9. Let y be s(4). Let o = 1472 - 554. Let h = y - o. Is h prime?
True
Suppose 0 = 2*y + 2*y. Let c be (-6 + -304)/(1 - y). Let i = c + 497. Is i prime?
False
Let n(j) = -20*j**2 + 36*j - 14. Let v(c) = 7*c**2 - 12*c + 5. Let k(z) = 2*n(z) + 7*v(z). Is k(6) a prime number?
False
Let f = 133877 + -90790. Is f composite?
True
Suppose 4*g - 2*o - 3*o + 18 = 0, g - o + 4 = 0. Let m = g - -2. Is 520 - 2 - -3 - m a prime number?
True
Let w be (-36439)/39 - 4/6. Let t = 1731 + w. Suppose -5*b + t = -3*b. Is b a composite number?
True
Suppose -2*t + 2753 = 667. Suppose -o + 217 = -i - i, 5*o = -4*i + t. Is o a composite number?
False
Suppose 0 = 5*d - 25, -3*y + 13468 = 3*d - 28436. Is y prime?
True
Let g(f) = -2*f**2 - 14*f + 38. Let k be g(-17). Let v = 639 + k. Is v prime?
True
Let t(z) = -4*z**3 - 5*z**2 + 47*z + 9 - 34*z + 3*z**3. Is t(-10) a prime number?
True
Let v be 2/(40/16805)*4. Let p = -1610 + v. Is p composite?
True
Let n(i) = 5*i**2 + 60*i + 12. Is n(-13) prime?
False
Let o(u) = 1009*u + 184. Is o(7) prime?
True
Let j(u) = 42*u + 9863. Is j(0) a composite number?
True
Suppose 2*y = 4*x + 5272, 10539 = 2*y + 2*y - 3*x. Suppose -9*g = -3*g - y. Is g prime?
True
Suppose 0 = -2*h + x + 13, -2*h - 3*h + 2*x + 30 = 0. Suppose 0 = f + h*f + 20. Is (3 + f)*-10 - 0 composite?
True
Suppose 2*y = 3*y - 1175. Let f = y + -486. Is f prime?
False
Let k(v) = -9*v**2 + 12. Let q be k(5). Let s = -130 - q. Is s a composite number?
False
Suppose 5*f - h - 584 = 0, -h + 592 = 5*f - 4*h. Suppose y + y = -f. Let i = y + 101. Is i a prime number?
True
Let n be 2/(-5) + 84/35. Let x(z) = 39 + 35*z**2 - 6*z**n + 3*z - 42. Is x(2) prime?
False
Suppose q + q = 10. Let u = 52 - 52. Suppose 0 = -u*r - q*r + 190. Is r prime?
False
Let b = 318 + -215. Suppose -b - 24 = -r. Is r pri